{"id":428,"date":"2020-09-28T14:05:55","date_gmt":"2020-09-28T12:05:55","guid":{"rendered":"https:\/\/rosenzweig.immobilien\/?page_id=428"},"modified":"2024-05-31T13:28:54","modified_gmt":"2024-05-31T11:28:54","slug":"kundenrezessionen","status":"publish","type":"page","link":"https:\/\/rosenzweig.immobilien\/index.php\/kundenrezessionen\/","title":{"rendered":"Kundenstimmen"},"content":{"rendered":"\n<div class=\"wp-block-media-text alignwide is-stacked-on-mobile has-cyan-bluish-gray-background-color has-background\" style=\"grid-template-columns:34% auto\"><figure class=\"wp-block-media-text__media\"><img decoding=\"async\" src=\"https:\/\/rosenzweig.immobilien\/wp-content\/uploads\/2020\/09\/stil-zv5QSKaP8G8-unsplash-678x1024.jpg\" alt=\"\" class=\"wp-image-414 size-full\"\/><\/figure><div class=\"wp-block-media-text__content\">\n<p class=\"has-black-color has-text-color has-background\" style=\"background-color:#e3e6e9;font-style:normal;font-weight:200\"><strong>E<\/strong>inen so einf\u00fchlsamen, kompetenten und auf die W\u00fcnsche des Kunden eingehenden Makler habe ich noch nicht erlebt. Ohne Hast, Eile, gepaart mit unglaublichem Detailwissen rund um die Immobilien, Architektur und Handwerk, ist ein Vertrauensverh\u00e4ltnis gewachsen, indem ich mich gut aufgehoben f\u00fchlte und immer wusste das optimale Preis-\/ Leistungsverh\u00e4ltnis zu erhalten. Ich war immer \u00fcber alle Aktivit\u00e4ten auf dem Laufenden, ohne mich um Details k\u00fcmmern zu m\u00fcsssen. Die zielstrebige und trotzdem ruhige Arbeitsweise von Ihnen war wohltuend und wurde mit Erfolg abgeschlossen. Einer der Gr\u00fcnde, warum ich Sie mit bestem Gewissen immer weiterempfehle!<br>Hans-J\u00fcrgen Schuster<\/p>\n\n\n\n<div class=\"wp-block-columns is-layout-flex wp-container-core-columns-is-layout-9d6595d7 wp-block-columns-is-layout-flex\">\n<div class=\"wp-block-column is-layout-flow wp-block-column-is-layout-flow\"><\/div>\n\n\n\n<div class=\"wp-block-column is-layout-flow wp-block-column-is-layout-flow\"><\/div>\n\n\n\n<div class=\"wp-block-column is-layout-flow wp-block-column-is-layout-flow\"><\/div>\n<\/div>\n\n\n\n<p class=\"has-text-align-left\">Herrn Christoph Rosenzweig mit der Vermietung einer Gewerbeimmobilie zu beauftragen, war eine meiner besten Entscheidungen. Von Anfang an war eine stabile Vertrauensbasis vorhanden und ich war beeindruckt von seiner Kompetenz und seinem hohen Engagement.<\/p>\n\n\n\n<p class=\"has-text-align-left\">Er arbeitet effektiv und l\u00f6sungsorientiert, ist stets gut erreichbar und unterst\u00fctzt wo er kann mit Rat\u00a0und Tat. Zusammen mit seinem Sohn Bastian bildet er ein tollesTeam !<\/p>\n\n\n\n<p class=\"has-text-align-left\">Um es auf den Punkt zu bringen :<\/p>\n\n\n\n<p class=\"has-text-align-left\">Immobilien Rosenzweig \u2013 das ist Qualit\u00e4t auf h\u00f6chstem Niveau.<\/p>\n\n\n\n<p class=\"has-text-align-left\">Vielen herzlichen Dank f\u00fcr die angenehme Zusammenarbeit und weiterhin viel Erfolg und Freude bei Ihrer Arbeit.<\/p>\n\n\n\n<p class=\"has-text-align-left\">Wilma Stadlberger<\/p>\n\n\n\n<p class=\"has-drop-cap has-black-color has-white-background-color has-text-color has-background\">Auch in diesem Metier sind Ausnahmen m\u00f6glich, wenn auch mit Seltenheitswert! Immobilie Kauf oder Verkauf? Alles eine Frage des VERTRAUENS, der KOMPETENZ durch jahrzehntelange Erfahrung, der SERIOSIT\u00c4T und auch des EINF\u00dcHLUNGSVERM\u00d6GENS! Alle diese Vorraussetzungen sind bei Herrn Christoph Rosenzweig RI ROSENZWEIG IMMOBILIEN gegeben. F\u00fcr den Verk\u00e4ufer einer Immobilie genauso wie f\u00fcr den K\u00e4ufer. <br>Helene Barwig <\/p>\n\n\n\n<p class=\"has-black-color has-text-color has-background\" style=\"background-color:#e0f3ff\">Herr Rosenzweig unterscheidet sich von anderen Maklern durch seine Ehrlichkeit und Aufrichtigkeit. F\u00fcr mich pers\u00f6nlich stellt Herr Rosenzweig den besten und vertrauensw\u00fcrdigsten Makler dar. Der Service ist einzigartig. Er k\u00fcmmert sich von Anfang bis Ende wirklich um alles. Durch sein freundliches, kompetentes Auftreten f\u00fchlt man sich sofort gut aufgehoben. Seine St\u00e4rke liegt vor allem darin, all sein in langj\u00e4hriger Erfahrung gesammeltes know how zusammen mit seiner au\u00dferordentlichen, pers\u00f6nlichen und fachlichen Kompetenz zu jeder Zeit und \u00fcberall zu 100% einzusetzen, verbunden mit einer hervorragenden Menschenkenntnis. Auch schwierig zu vermittelnde Objekte kann Herr Rosenzweig sehr gut vermitteln.<br>Ich habe die besten Erfahrungen gemacht und w\u00fcrde Herrn Rosenzweig jedem w\u00e4rmstens weiterempfehlen. Meine pers\u00f6nlichen Erwartungen wurden voll und ganz erf\u00fcllt.<br>LG Veronika Wiedemann<\/p>\n\n\n\n<p class=\"has-black-color has-white-background-color has-text-color has-background\">Eine Freundin hat mir Herrn Rosenzweig empfohlen, was f\u00fcr mich ein echter Gl\u00fccksgriff war. Als ehemaliger Banker kennt er sich nicht nur mit Immobilien top aus, sondern ist auch in Finanzierungsfragen ein echter Spezialist. Aber auch bei Dingen die nur indirekt mit dem Kauf\/Verkauf zu tun haben, ist er erstaunlich versiert und hat immer eine L\u00f6sung parat. Er ist stets erreichbar und ansprechbar und dabei immer freundlich und auf der H\u00f6he des Geschehens. Ich kann Herrn Rosenzweig nur w\u00e4rmstens weiterempfehlen und werde dies auch aktiv tun.<br>VG Thomas Gabler<\/p>\n\n\n\n<p class=\"has-black-color has-text-color has-background\" style=\"background-color:#def3ff\">Ich bedanke mich nochmals f\u00fcr die tolle Zusammenarbeit. Guten Service erkennt man dann, wenn man ihn sieht. Und so war das bei Ihnen!<br>Es hat einfach alles gepasst und auch das Quentchen mehr, um es rundum perfekt zu machen, geh\u00f6rt bei Ihnen zum guten Ton. Gerne bis zum n\u00e4chsten mal.<br>Andreas Bauer<\/p>\n<\/div><\/div>\n\n\n\n<div class=\"wp-block-media-text alignwide has-media-on-the-right is-stacked-on-mobile has-white-color has-text-color has-background\" style=\"background-color:#00000080;grid-template-columns:auto 31%\"><div class=\"wp-block-media-text__content\">\n<p><\/p>\n\n\n\n<p>Herrn Rosenzweig an seiner Seite zu haben ist wie ein Sechser im Lotto. So viel Einf\u00fchlungsverm\u00f6gen und Empathie im Umgang mit Menschen, soviel und vor allem so unglaublich fundiertes, umfangreiches Wissen nicht nur rund um den Kauf und Verkauf von Immobilien, sondern auch, was das Bank &#8211; und Bauwesen angeht, so viel Liebe und Leidenschaft f\u00fcr die Arbeit\u2026.egal, welches Problem auftrat, Herr Rosenzweig fand die richtige Antwort und L\u00f6sung. Unser Lob f\u00fcr diesen Makler kennt keine Grenzen. Stets erreichbar, immer ein offenes Ohr f\u00fcr Fragen und Anliegen, stets gut gelaunt und mit unendlicher Ruhe geht er seiner Arbeit nach, und oft sogar noch weit dar\u00fcber hinaus. Er unterst\u00fctzt und hilf, wo immer er kann. Noch nie konnten wir jemanden so uneingeschr\u00e4nkt und mit so gutem Gef\u00fchl weiterempfehlen wie Herrn Rosenzweig, was wir hiermit tun. F\u00fcr uns gibt es keinen besseren\u2026 All den tollen, positiven Bewertungen vor uns k\u00f6nnen wir uns in jedem einzelnen Punkt anschlie\u00dfen. Das Gesamtpaket ist einzigartig.&nbsp;Vielen vielen Dank f\u00fcr alles! Das war eine aufregende, interessante Zeit, in der wir selbst noch viel dazulernen konnten. Unser Projekt &#8222;Grundst\u00fccksverkauf&#8220; wurde inzwischen zu unserer vollsten Zufriedenheit abgeschlossen.<br>Ganz liebe Gr\u00fc\u00dfe, Cornelia und Josef Bauer<\/p>\n\n\n\n<p><\/p>\n<\/div><figure class=\"wp-block-media-text__media\"><img loading=\"lazy\" decoding=\"async\" width=\"490\" height=\"472\" src=\"https:\/\/rosenzweig.immobilien\/wp-content\/uploads\/2022\/11\/image001-2.png\" alt=\"\" class=\"wp-image-619 size-full\" srcset=\"https:\/\/rosenzweig.immobilien\/wp-content\/uploads\/2022\/11\/image001-2.png 490w, https:\/\/rosenzweig.immobilien\/wp-content\/uploads\/2022\/11\/image001-2-300x289.png 300w, https:\/\/rosenzweig.immobilien\/wp-content\/uploads\/2022\/11\/image001-2-360x347.png 360w, https:\/\/rosenzweig.immobilien\/wp-content\/uploads\/2022\/11\/image001-2-250x241.png 250w, https:\/\/rosenzweig.immobilien\/wp-content\/uploads\/2022\/11\/image001-2-100x96.png 100w\" sizes=\"auto, (max-width: 490px) 100vw, 490px\" \/><\/figure><\/div>\n","protected":false},"excerpt":{"rendered":"<p>Herrn Rosenzweig an seiner Seite zu haben ist wie ein Sechser im Lotto. So viel Einf\u00fchlungsverm\u00f6gen und Empathie im Umgang mit Menschen, soviel und vor allem so unglaublich fundiertes, umfangreiches Wissen nicht nur rund um den Kauf und Verkauf von [&hellip;]<\/p>\n","protected":false},"author":1,"featured_media":0,"parent":0,"menu_order":0,"comment_status":"closed","ping_status":"closed","template":"page-templates\/page_fullwidth.php","meta":{"footnotes":""},"class_list":["post-428","page","type-page","status-publish","hentry","clearfix"],"_links":{"self":[{"href":"https:\/\/rosenzweig.immobilien\/index.php\/wp-json\/wp\/v2\/pages\/428","targetHints":{"allow":["GET"]}}],"collection":[{"href":"https:\/\/rosenzweig.immobilien\/index.php\/wp-json\/wp\/v2\/pages"}],"about":[{"href":"https:\/\/rosenzweig.immobilien\/index.php\/wp-json\/wp\/v2\/types\/page"}],"author":[{"embeddable":true,"href":"https:\/\/rosenzweig.immobilien\/index.php\/wp-json\/wp\/v2\/users\/1"}],"replies":[{"embeddable":true,"href":"https:\/\/rosenzweig.immobilien\/index.php\/wp-json\/wp\/v2\/comments?post=428"}],"version-history":[{"count":33,"href":"https:\/\/rosenzweig.immobilien\/index.php\/wp-json\/wp\/v2\/pages\/428\/revisions"}],"predecessor-version":[{"id":684,"href":"https:\/\/rosenzweig.immobilien\/index.php\/wp-json\/wp\/v2\/pages\/428\/revisions\/684"}],"wp:attachment":[{"href":"https:\/\/rosenzweig.immobilien\/index.php\/wp-json\/wp\/v2\/media?parent=428"}],"curies":[{"name":"wp","href":"https:\/\/api.w.org\/{rel}","templated":true}]}}